{"id":878,"date":"2020-12-25T17:02:10","date_gmt":"2020-12-25T17:02:10","guid":{"rendered":"http:\/\/beers2rock.com\/cerveza\/?page_id=878"},"modified":"2021-02-06T17:16:22","modified_gmt":"2021-02-06T17:16:22","slug":"home","status":"publish","type":"page","link":"https:\/\/beers2rock.com\/cerveza\/","title":{"rendered":"Home"},"content":{"rendered":"\n<h3>\n\t\tPorque sabiendo de cerveza se disfruta m\u00e1s, y porque a nosotros nos gusta seguir aprendiendo y compartiendo con otros experiencias sobre cerveza\n\t<\/h3>\n\t<p>Queremos que compartas con nosotros la experiencia de disfrutar la cerveza entendiendo mucho mejor qu\u00e9 esperar de ella. Nos gustar\u00eda ser una\u00a0escuela de cerveceros, de amantes de la cerveza, de #beerlovers. Desharemos mitos, probaremos cervezas, revisaremos sus diferentes estilos y aprenderemos a hacer nuestra propia cerveza en casa.<\/p>\n<p>BEERS2ROCK quiere convertirse en tu compa\u00f1ero de viaje en la exploraci\u00f3n de este fant\u00e1stico mundo de la cerveza, tanto si est\u00e1s comenzando a descubrirla como si eres ya un experto cervecero. Buscamos mejorar tu experiencia al disfrutarla aplicando un enfoque divertido y eliminando tanto complejos como sofisticaciones.<\/p>\n\t\t\t\t<img loading=\"lazy\" decoding=\"async\" src=\"http:\/\/beers2rock.com\/cerveza\/wp-content\/uploads\/grupo-de-amigos-en-un-bar.jpg\" alt=\"Happy  smiling friends drinking beer at counter in pub\" itemprop=\"image\" height=\"339\" width=\"509\" title=\"Happy  smiling friends drinking beer at counter in pub\" onerror=\"this.style.display='none'\"  \/>\n<h2>\n\t\tDisfrutar sabiendo\n\t<\/h2>\n\t\t\t\t<a href=\"http:\/\/beers2rock.com\/cerveza\/como-se-disfruta-la-cerveza\/\" target=\"_self\" itemprop=\"url\" rel=\"noopener\">\n\t\t\t\t<img loading=\"lazy\" decoding=\"async\" src=\"http:\/\/beers2rock.com\/cerveza\/wp-content\/uploads\/malta-editada.png\" alt=\"malta editada\" itemprop=\"image\" height=\"457\" width=\"663\" title=\"malta editada\" onerror=\"this.style.display='none'\"  \/>\n\t\t\t\t<\/a>\n<h3>\n\t\tSobre cerveza\n\t<\/h3>\n\t<p>Repasamos fundamentos sobre ingredientes y formas de elaborar cerveza.<\/p>\n\t\t\t\t<a href=\"http:\/\/beers2rock.com\/cerveza\/tips2rock\/\" target=\"_self\" itemprop=\"url\" rel=\"noopener\">\n\t\t\t\t<img loading=\"lazy\" decoding=\"async\" src=\"http:\/\/beers2rock.com\/cerveza\/wp-content\/uploads\/a.png\" alt=\"a\" itemprop=\"image\" height=\"453\" width=\"662\" title=\"a\" onerror=\"this.style.display='none'\"  \/>\n\t\t\t\t<\/a>\n<h3>\n\t\tTips2Rock\n\t<\/h3>\n\t<p>Desmentimos mitos y explicamos consejos sobre c\u00f3mo disfrutar la cerveza.<\/p>\n\t\t\t\t<a href=\"http:\/\/beers2rock.com\/cerveza\/catas\/\" target=\"_self\" itemprop=\"url\" rel=\"noopener\">\n\t\t\t\t<img loading=\"lazy\" decoding=\"async\" src=\"http:\/\/beers2rock.com\/cerveza\/wp-content\/uploads\/catas-editada.png\" alt=\"catas editada\" itemprop=\"image\" height=\"457\" width=\"662\" title=\"catas editada\" onerror=\"this.style.display='none'\"  \/>\n\t\t\t\t<\/a>\n<h3>\n\t\tCatas\n\t<\/h3>\n\t<p>Te hacemos propuestas para compartir y disfrutar de la cerveza con amigos.<\/p>\n<h2>\n\t\tAprendiendo sobre estilos\n\t<\/h2>\n\t\t\t\t<a href=\"http:\/\/beers2rock.com\/cerveza\/estilos-de-cerveza\/\" target=\"_self\" itemprop=\"url\" rel=\"noopener\">\n\t\t\t\t<img loading=\"lazy\" decoding=\"async\" src=\"http:\/\/beers2rock.com\/cerveza\/wp-content\/uploads\/foto-editada-grifos.jpg\" alt=\"foto editada grifos\" itemprop=\"image\" height=\"716\" width=\"1053\" title=\"foto editada grifos\" onerror=\"this.style.display='none'\"  \/>\n\t\t\t\t<\/a>\n<h3>\n\t\tSobre los estilos\n\t<\/h3>\n\t<p>Para que puedes entender qu\u00e9 debes esperar de una cerveza antes de abrirla.<\/p>\n\t\t\t\t<a href=\"http:\/\/beers2rock.com\/cerveza\/mapa-estilos-cerveza\/\" target=\"_self\" itemprop=\"url\" rel=\"noopener\">\n\t\t\t\t<img decoding=\"async\" src=\"http:\/\/beers2rock.com\/cerveza\/wp-content\/uploads\/MAP-RES-T-Mapa-de-estilos-20210206-scaled.jpg\" alt=\"MAP-RES-T Mapa de estilos 20210206\" itemprop=\"image\" title=\"MAP-RES-T Mapa de estilos 20210206\" onerror=\"this.style.display='none'\"  \/>\n\t\t\t\t<\/a>\n<h3>\n\t\tEl mapa de estilos\n\t<\/h3>\n\t<p>Una manera sencilla y visual de ver todos los estilos y entender sus caracter\u00edsticas.<\/p>\n\t\t\t\t<a href=\"https:\/\/www.beers2rock.com\/estilos-de-cerveza\/\" target=\"_self\" itemprop=\"url\" rel=\"noopener\">\n\t\t\t\t<img loading=\"lazy\" decoding=\"async\" src=\"http:\/\/beers2rock.com\/cerveza\/wp-content\/uploads\/cerveza-editada.png\" alt=\"cerveza editada\" itemprop=\"image\" height=\"710\" width=\"1027\" title=\"cerveza editada\" onerror=\"this.style.display='none'\"  \/>\n\t\t\t\t<\/a>\n<h3>\n\t\tBusca cervezas\n\t<\/h3>\n\t<p>Encuentra la cerveza que buscas, describiendo sus sabores y aromas.<\/p>\n<h2>\n\t\tHaciendo cerveza en casa (en obras)\n\t<\/h2>\n\t\t\t\t<a href=\"http:\/\/beers2rock.com\/cerveza\/area-de-la-web-en-obras\/\" target=\"_self\" itemprop=\"url\" rel=\"noopener\">\n\t\t\t\t<img loading=\"lazy\" decoding=\"async\" src=\"http:\/\/beers2rock.com\/cerveza\/wp-content\/uploads\/herramientas-editada.png\" alt=\"herramientas editada\" itemprop=\"image\" height=\"458\" width=\"662\" title=\"herramientas editada\" onerror=\"this.style.display='none'\"  \/>\n\t\t\t\t<\/a>\n<h3>\n\t\tSobre el proceso\n\t<\/h3>\n\t<p>C\u00f3mo ser un maestro cervecero, tanto si es en una gran cervecera, como si es en tu cocina. El proceso es casi el mismo.<\/p>\n\t\t\t\t<a href=\"http:\/\/beers2rock.com\/cerveza\/area-de-la-web-en-obras\/\" target=\"_self\" itemprop=\"url\" rel=\"noopener\">\n\t\t\t\t<img loading=\"lazy\" decoding=\"async\" src=\"http:\/\/beers2rock.com\/cerveza\/wp-content\/uploads\/proceso-editda.png\" alt=\"proceso editda\" itemprop=\"image\" height=\"457\" width=\"662\" title=\"proceso editda\" onerror=\"this.style.display='none'\"  \/>\n\t\t\t\t<\/a>\n<h3>\n\t\tLo que necesitas\n\t<\/h3>\n\t<p>Herramientas que necesarias para hacer cerveza en casa. Opciones para hacerlo sencillo y con poco espacio.<\/p>\n\t\t\t\t<a href=\"http:\/\/beers2rock.com\/cerveza\/area-de-la-web-en-obras\/\" target=\"_self\" itemprop=\"url\" rel=\"noopener\">\n\t\t\t\t<img loading=\"lazy\" decoding=\"async\" src=\"http:\/\/beers2rock.com\/cerveza\/wp-content\/uploads\/tips2brew-editada.png\" alt=\"tips2brew editada\" itemprop=\"image\" height=\"710\" width=\"1028\" title=\"tips2brew editada\" onerror=\"this.style.display='none'\"  \/>\n\t\t\t\t<\/a>\n<h3>\n\t\tTips2Brew\n\t<\/h3>\n\t<p>Consejos sobre c\u00f3mo hacer cerveza en casa. Errores comunes, trucos y opciones para simplificar el proceso.<\/p>\n\n","protected":false},"excerpt":{"rendered":"","protected":false},"author":2454,"featured_media":0,"parent":0,"menu_order":0,"comment_status":"closed","ping_status":"closed","template":"page-templates\/full-width.php","meta":{"footnotes":""},"_links":{"self":[{"href":"https:\/\/beers2rock.com\/cerveza\/wp-json\/wp\/v2\/pages\/878"}],"collection":[{"href":"https:\/\/beers2rock.com\/cerveza\/wp-json\/wp\/v2\/pages"}],"about":[{"href":"https:\/\/beers2rock.com\/cerveza\/wp-json\/wp\/v2\/types\/page"}],"author":[{"embeddable":true,"href":"https:\/\/beers2rock.com\/cerveza\/wp-json\/wp\/v2\/users\/2454"}],"replies":[{"embeddable":true,"href":"https:\/\/beers2rock.com\/cerveza\/wp-json\/wp\/v2\/comments?post=878"}],"version-history":[{"count":10,"href":"https:\/\/beers2rock.com\/cerveza\/wp-json\/wp\/v2\/pages\/878\/revisions"}],"predecessor-version":[{"id":1010,"href":"https:\/\/beers2rock.com\/cerveza\/wp-json\/wp\/v2\/pages\/878\/revisions\/1010"}],"wp:attachment":[{"href":"https:\/\/beers2rock.com\/cerveza\/wp-json\/wp\/v2\/media?parent=878"}],"curies":[{"name":"wp","href":"https:\/\/api.w.org\/{rel}","templated":true}]}}